omposite?
True
Is 405799 composite?
False
Is 2309 prime?
True
Is 28255 a composite number?
True
Is 33479 a composite number?
False
Is 7639 composite?
False
Is 188131 composite?
True
Is 1000817 prime?
False
Is 12097 composite?
False
Is 610271 a composite number?
False
Is 5433 a composite number?
True
Is 441019 composite?
True
Is 48023 composite?
False
Is 6458 prime?
False
Is 209477 a prime number?
True
Is 922 a composite number?
True
Is 10895 a composite number?
True
Is 6121 a prime number?
True
Is 4083 a composite number?
True
Is 7723 a prime number?
True
Is 2684197 a prime number?
False
Is 4597 a prime number?
True
Is 1937807 a composite number?
False
Is 68091 composite?
True
Is 6547 a composite number?
False
Is 51283 prime?
True
Is 1660523 prime?
False
Is 2846 a prime number?
False
Is 3017 prime?
False
Is 1099517 composite?
True
Is 53659 a prime number?
False
Is 417089 a composite number?
False
Is 153407 composite?
False
Is 119693 a prime number?
False
Is 103193 a composite number?
True
Is 37667 a composite number?
True
Is 539293 a prime number?
True
Is 2771 a composite number?
True
Is 180191 a prime number?
False
Is 82735 a composite number?
True
Is 14669 prime?
True
Is 76427 a prime number?
False
Is 28363 a prime number?
False
Is 92913 prime?
False
Is 5354 prime?
False
Is 2072309 composite?
True
Is 19643 a composite number?
True
Is 284387 a composite number?
False
Is 499 a composite number?
False
Is 139169 composite?
False
Is 774083 a prime number?
True
Is 4193 prime?
False
Is 208189 composite?
False
Is 183089 a prime number?
True
Is 581329 a composite number?
True
Is 7591 composite?
False
Is 7711 prime?
False
Is 1102645 a composite number?
True
Is 173599 a prime number?
True
Is 539527 a composite number?
True
Is 150407 a composite number?
False
Is 78911 composite?
True
Is 59217 a prime number?
False
Is 307 prime?
True
Is 938651 composite?
True
Is 30757 prime?
True
Is 207671 composite?
False
Is 84262 composite?
True
Is 20477 prime?
True
Is 312077 a prime number?
False
Is 70922 a composite number?
True
Is 11114 prime?
False
Is 67031 a prime number?
False
Is 642451 a composite number?
True
Is 239119 a composite number?
False
Is 523229 composite?
True
Is 33997 a prime number?
True
Is 30079 a prime number?
False
Is 40231 a prime number?
True
Is 3155 a composite number?
True
Is 126067 a composite number?
False
Is 844177 prime?
False
Is 260441 prime?
True
Is 5971 a composite number?
True
Is 463 composite?
False
Is 2613487 a composite number?
False
Is 225217 prime?
True
Is 26503 a prime number?
False
Is 48713 a prime number?
False
Is 781021 a composite number?
False
Is 9719 prime?
True
Is 27989 prime?
False
Is 9871 prime?
True
Is 18301 prime?
True
Is 66611 a prime number?
False
Is 4223 prime?
False
Is 25013 prime?
True
Is 44327 prime?
False
Is 9677 composite?
False
Is 43481 composite?
False
Is 68039 a composite number?
True
Is 32183 composite?
False
Is 4138165 prime?
False
Is 194893 composite?
True
Is 29527 composite?
False
Is 54737 composite?
True
Is 193345 composite?
True
Is 131611 prime?
True
Is 335539 prime?
True
Is 12193 prime?
False
Is 339601 a composite number?
False
Is 2735 composite?
True
Is 8251 a composite number?
True
Is 15853 prime?
False
Is 7789 a composite number?
False
Is 31627 a prime number?
True
Is 3779 a composite number?
False
Is 2699 a composite number?
False
Is 46559 a prime number?
True
Is 51573 composite?
True
Is 210997 prime?
False
Is 122179 composite?
True
Is 42683 composite?
False
Is 72305 a prime number?
False
Is 26153 composite?
False
Is 63577 composite?
False
Is 419947 a prime number?
False
Is 23951 prime?
False
Is 6469 prime?
True
Is 8329 prime?
True
Is 134153 a composite number?
False
Is 3449 composite?
False
Is 1939439 a prime number?
True
Is 58309 prime?
True
Is 167057 a composite number?
True
Is 8081 composite?
False
Is 7039 a prime number?
True
Is 846041 composite?
True
Is 254857 a composite number?
False
Is 163781 composite?
False
Is 1527043 prime?
False
Is 59951 prime?
True
Is 782861 composite?
False
Is 171991 a composite number?
True
Is 14971 composite?
True
Is 29311 composite?
False
Is 171658 composite?
True
Is 285281 prime?
True
Is 176971 prime?
False
Is 264577 prime?
True
Is 512711 prime?
True
Is 451 prime?
False
Is 421329 prime?
False
Is 67631 composite?
False
Is 329167 prime?
True
Is 123679 a composite number?
True
Is 29395 prime?
False
Is 49615 a prime number?
False
Is 4783 a composite number?
False
Is 739 prime?
True
Is 4729 a composite number?
False
Is 94247 composite?
True
Is 77929 composite?
False
Is 1051761 prime?
False
Is 4106 a composite number?
True
Is 5850817 composite?
True
Is 71899 a prime number?
True
Is 23719 a composite number?
False
Is 2021693 a composite number?
False
Is 5219 a composite number?
True
Is 975319 prime?
False
Is 3791 prime?
False
Is 39469 a composite number?
True
Is 1657 a composite number?
False
Is 83 prime?
True
Is 395155 a prime number?
False
Is 84841 composite?
True
Is 491129 a composite number?
False
Is 4426627 a composite number?
False
Is 31471 a prime number?
False
Is 2987 composite?
True
Is 464963 a prime number?
True
Is 43657 composite?
True
Is 62938 composite?
True
Is 67633 a composite number?
True
Is 84707 prime?
False
Is 3359 composite?
False
Is 11027 a prime number?
True
Is 553733 prime?
True
Is 7193 composite?
False
Is 9166 composite?
True
Is 403507 a prime number?
False
Is 9913 prime?
False
Is 6029 a composite number?
False
Is 1599853 prime?
False
Is 12893 a prime number?
True
Is 8399 prime?
False
Is 14813 prime?
True
Is 97103 composite?
False
Is 2267 a composite number?
False
Is 40649 a prime number?
False
Is 51893 composite?
False
Is 4289 a composite number?
False
Is 9257 composite?
False
Is 10033 composite?
True
Is 36571 a prime number?
True
Is 9901 a prime number?
True
Is 3821 a composite number?
False
Is 265381 a composite number?
False
Is 138709 prime?
False
Is 202421 a composite number?
True
Is 4757077 a composite number?
True
Is 116789 prime?
True
Is 1116053 a prime number?
True
Is 226813 composite?
False
Is 33979 composite?
True
Is 1973 composite?
False
Is 80713 prime?
True
Is 27395 composite?
True
Is 2581 a prime number?
False
Is 180211 composite?
False
Is 15793 a prime number?
False
Is 3293 composite?
True
Is 9083 prime?
False
Is 72515 a prime number?
False
Is 2501 prime?
False
Is 3163 a composite number?
False
Is 311329 prime?
True
Is 40069 prime?
False
Is 2243 a composite number?
False
Is 4279 prime?
False
Is 4265 a composite number?
True
Is 487741 prime?
True
Is 1397 a composite number?
True
Is 997 prime?
True
Is 463 a composite number?
False
Is 230995 prime?
False
Is 3611 a prime number?
False
Is 66121 a prime number?
False
Is 270363 a prime number?
False
Is 34233 a prime number?
False
Is 659 prime?
True
Is 165269 a prime number?
False
Is 2412093 a composite number?
True
Is 12421 a prime number?
True
Is 12451 a composite number?
False
Is 15859 composite?
False
Is 31001 composite?
True
Is 106909 prime?
False
Is 10473 composite?
True
Is 14583 composite?
True
Is 108627 composite?
True
Is 7753 composite?
False
Is 75239 prime?
True
Is 36463 a composite number?
True
Is 557 composite?
False
Is 138157 composite?
False
Is 4751 a composite number?
False
Is 54259 prime?
False
Is 9923 a prime number?
True
Is 78817 composite?
True
Is 15863 composite?
True
Is 267401 composite?
False
Is 26591 prime?
True
Is 45169 a composite number?
True
Is 66667 a prime number?
False
Is 3977 composite?
True
Is 17657 composite?
False
Is 52385 composite?
True
Is 289829 prime?
False
Is 839951 a prime number?
False
Is 41186 a prime number?
False
Is 1000819 a composite number?
True
Is 28597 a composite number?
False
Is 9097 prime?
False
Is 34199 a prime number?
False
Is 58271 a prime number?
True
Is 535 composite?
True
Is 619414 composite?
True
Is 10427 a prime number?
True
Is 1760207 a composite number?
True
Is 2999 a prime number?
True
Is 282617 composite?
False
Is 225635 a prime number?
False
Is 479 a composite number?
False
Is 1073 prime?
False
Is 184133 a composite number?
False
Is 60353 prime?
True
Is 3071 prime?
False
Is 444781 a prime number?
False
Is 18637 composite?
False
Is 29011 a prime number?
False
Is 20477 composite?
False
Is 7867 composite?
False
Is 2243603